of 13/(z/(-1*2))?
1
Let r be (-10)/(-4)*2*-1. Let j = r - -10. Suppose 4*s = -20, -2*b + 45 = 3*b - j*s. What is the units digit of b?
4
Let c(s) = -s**3 - 5*s**2 + 4*s - 11. What is the tens digit of c(-7)?
5
Let o(a) = -6*a + 1. Let l be o(-8). Suppose l = 4*r - 83. What is the tens digit of r?
3
Let w(t) = t**3 + 9*t**2 - 10*t + 11. Let h be w(-10). Let n = -6 + h. What is the units digit of n?
5
Suppose 2*s - 104 = 148. What is the hundreds digit of s?
1
Suppose 0 = r + 1 - 3. Suppose x - 2*i = 15, -r*i = x - 4*x + 29. Let c = -5 + x. What is the units digit of c?
2
Suppose 116*f = 117*f - 155. What is the tens digit of f?
5
Suppose 0 = -4*q - 35 - 117. Let l = q + 62. What is the units digit of l?
4
Suppose 0 = 2*a - 78 - 56. What is the tens digit of a?
6
Suppose o + 4*o = 135. What is the tens digit of o?
2
Let a(j) = 5*j - 6. What is the tens digit of a(10)?
4
Suppose 79 = -9*o + 205. What is the tens digit of o?
1
Suppose 5*f - 16 = a - 4, -2*f = -4. Let d = 4 + a. Suppose 5*j - 15 = -5*q, d*j + 5*q + 20 = 4*j. What is the units digit of j?
5
Let f = 524 + -278. What is the tens digit of f?
4
Suppose 4*z = -2*a + 12, -4*z - 5*a - 8 = -26. Suppose f - 4*k - 38 = -0*f, 0 = f - z*k - 28. What is the units digit of f?
8
Suppose -2*w - 14 = -4*w. What is the tens digit of 4/14 - (-96)/w?
1
Suppose 3*l + k - 2 = -3*k, 25 = 5*k. Let y = l - -6. Suppose -t = -v + t + 16, y = 5*t + 10. What is the tens digit of v?
1
Let j(n) = 3*n**2 + 3 - n**3 - 2*n - 3 + n**2. What is the units digit of j(3)?
3
Suppose 5*r = 5*n + 55, 0*r + 2*r - 16 = -n. Suppose 0 = -t + b - 1 - 2, -2*t - 3*b = -r. What is the units digit of 4 - (2 - t/2)?
2
Let z = 23 - 3. Suppose -2*f + 4 = 5*v, 3*f = -3*v + 2 + 4. Suppose 4*m - z + v = 0. What is the units digit of m?
5
Let n(j) = -j**2 + 8*j - 5. Let t = -3 + 11. Suppose -10 = -f - 0*k + 5*k, -2*f - 2*k + t = 0. What is the tens digit of n(f)?
1
Let v(g) be the first derivative of 3*g**4 + g**2/2 - g + 1. Let s(w) = 2*w - 3. Let q be s(2). What is the units digit of v(q)?
2
Suppose h + 108 = 5*h. What is the tens digit of h?
2
Suppose -2*n - 5*m + 73 = 0, -3*n + 6*m - 2*m + 121 = 0. Suppose -5*i - n = 11. What is the units digit of (i/(-6))/(2/6)?
5
Let a be (16/(-10))/((-1)/5). Suppose 0*y - 4*y = 12. Let u = y + a. What is the units digit of u?
5
Let x(o) = 19*o + 7 - 6*o**3 - 21*o**2 - 3*o + 14. Let n(b) = -b**3 - 4*b**2 + 3*b + 4. Let p(k) = 11*n(k) - 2*x(k). What is the units digit of p(2)?
4
Suppose -5*k - p + 393 = 18, -395 = -5*k - 5*p. What is the units digit of k?
4
Suppose 3*u - 15 = -3*r, 0 = -3*u - 0*u + r + 15. Suppose -3*j = -1 - 2. What is the units digit of j/(-5) - (-21)/u?
4
Suppose 4 - 16 = -4*g. Let w = g + 1. Suppose -w*u - 11 + 67 = 0. What is the units digit of u?
4
Suppose -3*f - 1116 = -3*h, -3*h + 3*f = -2*f - 1118. What is the hundreds digit of h?
3
Let l = 16 + 79. What is the tens digit of l?
9
Suppose 5*w - v - 11 = 3*v, -2*v = 5*w - 17. Let i = w + 2. What is the units digit of (8/(-5))/((-2)/i)?
4
Let b = -5 + 8. What is the units digit of b/3*(-1 + 5)?
4
Let c(v) = 33*v - 45. What is the tens digit of c(11)?
1
Suppose -5*v + 365 = -2*d - 3*d, v = 3*d + 83. What is the units digit of v?
8
Let n(q) = -25*q - 14. What is the hundreds digit of n(-6)?
1
Suppose 0 = 3*c + 3, -l + 2*c - 3*c = -157. What is the tens digit of l?
5
Let a = -8 + 13. Suppose 5*b - 10 = 5*m + 10, -4*b + 5*m + 20 = 0. Suppose b = -d + 1 + a. What is the units digit of d?
6
Suppose -g + 4 = -0. Suppose 2 = 2*x - g. Suppose 0*z + x = 3*z. What is the units digit of z?
1
Suppose 32 = 5*d - d. Let a(l) = l**2 - 7*l - 9. Let f be a(d). What is the units digit of (0 - -4) + (-1)/f?
5
Suppose 0*h - 3*h = -186. What is the tens digit of h/6*3 + -2?
2
Let a(d) be the third derivative of -2*d**4/3 - d**3/6 - 7*d**2. Suppose 2*m = 6*m + 8, -3*n - 7 = 2*m. What is the tens digit of a(n)?
1
Let x be 9/(-12)*(0 - -4). Let y = 5 + x. Suppose -4*t + s + s = -44, -5*t + 73 = y*s. What is the tens digit of t?
1
Let v(c) = 96*c**3 - 2*c**2 + 2*c - 1. Let y be v(1). Suppose -15 = -r - q - 0*q, 3*q + y = 4*r. What is the units digit of 132/r - 4/(-10)?
7
Let r = 122 + -71. What is the tens digit of r?
5
Suppose 5*v = -f + 100, -3*f + 7*f + 5*v - 475 = 0. What is the units digit of f?
5
Suppose 4*f + q - 109 = 0, f + f + 3*q = 57. What is the units digit of f?
7
Let v(i) = 4*i - 7. Let y be v(-6). Let m = y + 50. What is the units digit of m?
9
Suppose -5*a = -7*a + 16. What is the units digit of a?
8
Let a(s) = s**3 + 12*s**2 + 10*s + 12. What is the units digit of a(-11)?
3
Suppose 0*o - 3*o = -2*k - 44, 34 = 3*o - 4*k. Let y = -11 + o. Let n(g) = g**2 - 7*g + 2. What is the units digit of n(y)?
2
Let m be (6/(-15))/((-2)/(-230)). Let q = m - -76. What is the units digit of q?
0
Let w = 86 - 22. What is the units digit of w?
4
Let w = 70 - 49. Suppose -5*n + w = -24. What is the units digit of n?
9
Suppose 53 + 10 = 7*n. What is the units digit of n?
9
Let y = 50 + -54. Let s(f) be the first derivative of f**4/4 + 4*f**3/3 - 3*f**2/2 - 2*f - 1. What is the tens digit of s(y)?
1
Suppose 4*h - 2*y + 7*y = 72, 5*y = 2*h - 36. What is the tens digit of (h/(-27))/((-4)/114)?
1
Suppose 9*l = 5*l + 4. Suppose 5*p = 25, s + 2*p - 13 = -3. Let n = l - s. What is the units digit of n?
1
Suppose -2*h + 7 = c, 2 + 13 = 5*h + 3*c. Let n be 0/(h/(-2) - -2). Suppose -g + y + 5 = 0, -2*g - 2*y + n = -6. What is the units digit of g?
4
Let g be 2 + (2 - (2 - 2)). Suppose 0 = 5*t + 4*x - 61, -6*x + 56 = g*t - x. What is the units digit of t?
9
Suppose 5*a - 35 + 5 = 0. What is the units digit of a?
6
Suppose 2 + 2 = 2*o + 5*s, 4*s = -4*o + 8. Suppose -4*z = -o*z - 18. What is the units digit of z?
9
Suppose 0*b + 2*b + 10 = 4*c, -4*b + 8 = -c. Suppose b*p - 40 = -13. What is the units digit of p?
9
Suppose 21 = 4*n - 75. Let x = n - 13. What is the tens digit of x?
1
Suppose -a - 6 = -3*j, a + j - 8 = -2. What is the units digit of a?
3
Suppose 12 - 25 = -b. Suppose -5*v + b = -3*z - z, 5*v = -2*z + 1. What is the units digit of v?
1
What is the units digit of 6*(-13)/(-5)*5 + 2?
0
Let k = 152 - 82. What is the units digit of k?
0
Let w be 6/(-15) + 56/(-10). Let r = 3 + -12. Let s = w - r. What is the units digit of s?
3
Suppose 2*m = m. Suppose 0 = -m*a - a + 12. What is the units digit of a?
2
Let j(z) = z**3 - 5*z**2 - 1. Let w be j(5). What is the units digit of (-11 - 0/(-3))/w?
1
Let u = 7 - -4. Let m = u + 14. What is the tens digit of m?
2
Let f(g) = 24*g**2 + 2*g + 2. Let p be 4*(-1)/(-4) - 2. What is the tens digit of f(p)?
2
What is the units digit of (-238)/(-6) + (-6)/(-18)?
0
Let s = 6 - 3. Suppose -2*z - 2 = -3*f, z = -3*f - s*z + 32. Suppose 4*x + f*k = 0, 12 = -x + 3*k - 8*k. What is the units digit of x?
3
Suppose -5*z = -70 - 40. What is the units digit of z?
2
Let s(c) = -c**2 + 2*c + 9. Let o be s(-6). Let l = o + 71. What is the tens digit of l?
3
Let f(q) = q**2 - 14*q - 18. Let i = -9 - -6. Let a(z) = 2*z**2 - 27*z - 35. Let b(t) = i*a(t) + 5*f(t). What is the units digit of b(11)?
5
Let p(s) = 16*s + 3. Let o be p(-4). Let a = -7 - o. What is the tens digit of a?
5
Let m = 0 + 1. Let f be 1*(9 - 0 - m). What is the units digit of f/(-36) + 74/9?
8
Suppose 4*x - 40 = 8*x. What is the tens digit of 4/x + (-2538)/(-45)?
5
Let p = -31 + 70. What is the tens digit of p?
3
Let s = 11 + -9. Suppose 4*o = -5*h + 64, -5*o = s*h - 33 - 30. What is the units digit of o?
1
Let b(q) = q**2 + 6*q. Let u be b(-3). What is the units digit of (-2)/u - 266/(-18)?
5
Suppose -4*c = 9 - 45. Suppose 3*s = -0*s + c. Suppose i - 7 = -a, s*a - 7 = -i - 2*a. What is the units digit of i?
7
What is the tens digit of (205/25)/((-1)/(-5))?
4
Suppose 2*c + 3*m - 48 = 0, 3*c = -10*m + 7*m + 69. What is the tens digit of c?
2
Let s = -4 - -4. Suppose s*u - 22 = -2*u. What is the units digit of u?
1
Let i = 2 + 4. Suppose 0 = -j - 2*j + i. What is the units digit of j?
2
Let b(c) be the first derivative of c**3 - 2*c + 5. What is the units digit of b(-3)?
5
Let i(u) = 30*u**2 + u + 1. Let q be i(-1). Suppose -q = 5*z - 10*z. What is the units digit of z?
6
Suppose -90 = 60*y - 63*y. What is the tens digit of y?
3
Let z(x) = 2*x**2 - 4*x + 2. Let d be z(2).